
3, 5
Suppose -f - d = -27 - 4, -3*f - 5*d = -91. What are the prime factors of f?
2
Let i = 6 - 6. Suppose i*x - x = -4. Suppose -h = -x*h + 21. What are the prime factors of h?
7
Suppose 0 = -3*u + 2*u - 2*h + 30, 5*h + 5 = 0. List the prime factors of u.
2
Let o be 3/(1*(-3)/(-2)). Let t(l) = -l**3 - l**2 + 1. Let y be t(o). Let h = 22 + y. List the prime factors of h.
11
Suppose -3*d - 2*d + 25 = 0. Suppose 5 = d*l, -2*q + 3*l + 22 = 3*q. Suppose -2*g + q*v = -30, 3*g + v - 30 = g. What are the prime factors of g?
3, 5
Suppose -3*l = -4*o + 55, 45 = 2*o - 9*l + 4*l. What are the prime factors of o?
2, 5
Let h = 118 - 74. What are the prime factors of h?
2, 11
Suppose -b = 5*u + 4*b - 25, 4*u = -5*b + 25. Let g(f) be the second derivative of f**5/20 - f**4/12 + f**3/6 + f**2 + 3*f. List the prime factors of g(u).
2
List the prime factors of 4/(-26) - (-12960)/78.
2, 83
Let q(s) = -2*s + 1 + 6*s - 3*s. What are the prime factors of q(4)?
5
Let m = 5 - 8. Let z = m + 9. Suppose 5*c - z = 4. What are the prime factors of c?
2
Let f = 98 - 1. What are the prime factors of f?
97
Let f(c) = c**3 - 7*c**2 + 3*c - 18. What are the prime factors of f(7)?
3
Suppose 0 = 8*z - 4*z. Suppose 5*x + 1 = q - z, x = q - 5. Let r = -1 + q. What are the prime factors of r?
5
Suppose -4*a + 15 = -6*l + 5*l, -2*a - 10 = -4*l. Suppose 0 = l*w + 3*f - 3 - 12, 6 = 2*w + 2*f. Suppose 5 = w*o - 1. List the prime factors of o.
2
Suppose 3*a = -3*f + 37 + 23, 10 = 5*f. Let n = a - 9. What are the prime factors of n?
3
Let m(q) = 1 + q**2 + 3*q**3 - 2*q**3 - 2*q + 10*q**3. Let p be m(1). Let z = p + -7. List the prime factors of z.
2
What are the prime factors of 1*3/((-6)/(-94))?
47
Suppose 5 = -2*r + 3. Let u be 0 + 1 + (r - 1). List the prime factors of -9*(-2 - u) - 1.
2
Suppose i + 0*i = 0. Let s = 17 - i. List the prime factors of s.
17
Suppose 0 = 4*w + m - 185, -5 + 1 = -4*m. List the prime factors of w.
2, 23
Let p(c) = -9*c + 6. Let g be p(-6). Suppose 5*s + 4*z - g = 0, s + 3*s + z = 48. What are the prime factors of s?
2, 3
Suppose -1 = a - 4. Suppose 4 = -a*b + 37. List the prime factors of b.
11
Suppose -5 = 2*z - 149. Let w = -49 + z. List the prime factors of w.
23
Suppose 7*i - 2*i - 5*j = 215, j + 83 = 2*i. Suppose 0*a + i = 5*a + 2*v, 3*a = 4*v + 50. List the prime factors of a.
2, 5
Suppose 7 = -4*t - 1. Let i(o) = o**2 + 3*o + 3. Let p be i(t). Let q = p + 18. List the prime factors of q.
19
Suppose -4*r + 2*r = -6. Suppose -5*u - 2*v + 20 = 0, r*u - 4*v + 19 = v. What are the prime factors of u?
2
List the prime factors of 2/7 + (-18848)/(-133).
2, 71
Suppose -2*a = -3*a - 68. Let z = -44 - a. Suppose 3*h = h + z. List the prime factors of h.
2, 3
Let y = 12 + -8. Suppose 3*s + 0*a = a + 58, -5*a = -y*s + 70. List the prime factors of s.
2, 5
Let q = -7 - -135. List the prime factors of q.
2
Let o be (3 + -2)/1 - 42. Let h = 59 + o. List the prime factors of h.
2, 3
Let g(n) = -n**3 - 6*n**2 - n - 4. Let h be g(-6). Suppose -h*x - 2*i = -38 - 22, -5*x - 3*i + 148 = 0. What are the prime factors of x?
29
Suppose -z - 4*r = -41, -2*z + 7*r + 58 = 3*r. List the prime factors of z.
3, 11
Let n(r) = r + 1. Let a be n(1). Suppose 0 = -u - 4*i + 5, -a*i = 3*u - i - 48. List the prime factors of u.
17
Let i = 151 + -68. Suppose -273 = -5*c - i. List the prime factors of c.
2, 19
Let k = 233 + -141. What are the prime factors of k?
2, 23
Suppose v = -v. Let r = 9 + -6. Suppose -2*h - 4 - 13 = -3*u, -r*h - 3 = v. List the prime factors of u.
5
Let i(f) = -2*f - 2. Let y be (-88)/6 + 18/27. List the prime factors of i(y).
2, 13
Let q be 36*(-1 + (-6)/(-3)). Suppose 2*b - 4*f = 4*b - q, 0 = 3*b - 5*f - 87. Let t = b + -14. List the prime factors of t.
2, 5
Let w(j) = 38*j**2 + 2*j + 1. Let u be w(-1). Let a = u - 24. Suppose a = 3*i - 5. List the prime factors of i.
2, 3
Let l(h) = h**2 + 2*h - 3. Let t be l(-4). Let d = t - 4. List the prime factors of (7 + (1 - 0))*d.
2
Suppose -5*y + y + 364 = -4*i, -4*i + 170 = 2*y. What are the prime factors of y?
89
Let m(p) be the third derivative of -p**4/8 + p**3/2 - 3*p**2. List the prime factors of m(-3).
2, 3
Suppose -w + 2 = -3*d, -2*w + 2*d = -3*w - 3. Let a = 25 + w. List the prime factors of a.
2, 3
Suppose d - 3*s - 1 = -4*s, 3*s = -4*d + 7. What are the prime factors of d?
2
Suppose -3*o + 5 = s + 2, -2*s + 8 = 5*o. What are the prime factors of s?
3
Let a be ((-2)/(-6))/((-2)/6). Suppose -d = -2*g - 0*d - 5, -d = -g - 1. What are the prime factors of a - 2 - (-18 + g)?
19
Let h(f) = -f**2 - f + 1. Let d be h(0). Let k be 1 - d - (-14 + 4). Suppose 3*i = p + 2*p - 15, -k = 5*i. What are the prime factors of p?
3
Let m = -28 + 41. Let x = m - -14. What are the prime factors of x?
3
What are the prime factors of 2/7 + 5496/168?
3, 11
Let f = 8 + -31. Let t = f - -43. Suppose -2*g = 2*o - t, -20 - 17 = -3*o + 4*g. List the prime factors of o.
11
Let u(x) = x**2 - 4*x - 3. Let o be u(4). List the prime factors of o*1*148/(-12).
37
Suppose -2*j = -a - 33, -46 + 1 = -3*j + 3*a. List the prime factors of j.
2, 3
Let h = -1 + 5. Suppose 0 = x - h, 2*x - 4*x = 3*u - 14. Suppose g = u*g - 6. What are the prime factors of g?
2, 3
Suppose 0 = 6*t - 9*t - 12. Let p = t + 12. What are the prime factors of p?
2
Suppose -b - 2 + 6 = 0. Suppose 0 = -2*d + 14 + b. What are the prime factors of d?
3
Let c(p) = 88*p - 2. What are the prime factors of c(2)?
2, 3, 29
Let b be 1/(-2) + (-34)/(-4). Suppose -4*q + 6*j - 4*j - 22 = 0, -5*q + 4*j - 20 = 0. List the prime factors of 2/q - (-50)/b.
2, 3
Suppose 3*p - 34 = 89. List the prime factors of p.
41
Let l(m) = 2*m - 9. Let t(h) = -5*h + 19. Let d(w) = 7*l(w) + 3*t(w). Let i be d(-8). Suppose 10 + 8 = i*b. List the prime factors of b.
3
Suppose 3*f - z - 3*z = 196, -59 = -f - 5*z. List the prime factors of f.
2
Suppose 0*a + 8 = -4*a. Let o be 101/(-4) + a/(-8). Let v = -14 - o. What are the prime factors of v?
11
Let j = 88 - 174. Let p = j + 248. What are the prime factors of p/10 - 6/30?
2
Let h(o) = o + 6. What are the prime factors of h(3)?
3
Let d be (-3)/6*-1*-2. List the prime factors of (38 - 10)/(0 - d).
2, 7
Let q(w) = -w**2 + 8*w - 2. Let k be q(6). Suppose k*t = 5*t + 65. What are the prime factors of t?
13
Let i(l) = -l + 1. Suppose 10 = 2*y + 5*z - z, -5*z = -4*y - 6. Let s be i(y). Suppose s*n = -3*n + 21. What are the prime factors of n?
7
Let t(s) = 8*s**3 - s**2 - 5*s + 5. List the prime factors of t(2).
5, 11
Suppose -3*v - 3*b = -0*b - 39, 5*b = 15. What are the prime factors of v?
2, 5
Let x(z) = z**2 + z + 4. Let n be x(0). Let k be 44/n*(-2 + 3). Suppose 5*j = k - 1. List the prime factors of j.
2
Let j = -4 - 16. Let x = 23 + -33. Let d = x - j. List the prime factors of d.
2, 5
What are the prime factors of ((-5)/(-2))/(1/2)?
5
List the prime factors of (5/15)/(3/1269).
3, 47
Suppose -2*v = -3 + 11. Let s(o) = -6*o - 1. Let d be s(v). Let m = -13 + d. List the prime factors of m.
2, 5
Let k be (-3 - 0)/(12/(-32)). Suppose k*x = 5*x + 93. List the prime factors of x.
31
Suppose -51 - 49 = -5*w. Let y(b) = -b**3 - 4*b**2 + 4*b - 2. Let o be y(-5). Suppose -o*f - w = -j - 4*j, -4*j + 23 = -f. List the prime factors of j.
7
Let b = 80 - 56. List the prime factors of b.
2, 3
Let q = 633 - 375. List the prime factors of q.
2, 3, 43
Let v(s) = s**2 - 5*s + 4. Let d be v(4). Let f = 2 + d. List the prime factors of f.
2
Let d(c) = 15*c**3 - c**2 - c + 1. Let q = 4 - 2. Suppose 4*n - 6 = -q. What are the prime factors of d(n)?
2, 7
Suppose r - 8 = -3*r + z, -4 = -2*r + z. Let l be 4 + 1/(-4)*-4. Suppose 5 = -2*u - r*n + 17, 0 = -3*u + l*n + 50. What are the prime factors of u?
2, 5
Let n be 5*(2 - 156/10). Let k = -41 - n. List the prime factors of k.
3
Let z = -2 + 0. Let c(d) = 3*d + 2*d**2 - 2*d - 3*d**2 + 2*d**2. List the prime factors of c(z).
2
Suppose 7 = 2*j - 2*n - 15, -2*n = 2*j - 26. Let b be 39/j + (-1)/4. Let z(q) = q**2 - 1. List the prime factors of z(b).
2
Let y(q) = -q**2 + 14*q + 13. List the prime factors of y(11).
2, 23
Let a(b) be the first derivative of 17*b**4/4 - b**3/3 - 2. List the prime factors of a(1).
2
What are the prime factors of ((-3)/9 + 1)*(144 - -3)?
2, 7
Suppose 8*y - 5*r = 4*y - 25, -3*y - r - 14 = 0. What are the prime f